{"id":2899,"date":"2026-01-04T16:27:44","date_gmt":"2026-01-04T16:27:44","guid":{"rendered":"https:\/\/bendafillistore.com\/?page_id=2899"},"modified":"2026-01-07T22:00:59","modified_gmt":"2026-01-07T22:00:59","slug":"2899-2","status":"publish","type":"page","link":"https:\/\/bendafillistore.com\/?page_id=2899","title":{"rendered":"Termos de Uso"},"content":{"rendered":"\n<p>Ao acessar o site **<a>https:\/\/bendafillistore.com<\/a> voc\u00ea concorda&nbsp;com os termos e condi\u00e7\u00f5es descritos abaixo.<\/p>\n\n\n\n<h2 class=\"wp-block-heading\">1. Objetivo do site<\/h2>\n\n\n\n<p>A BendafilliStore.com \u00e9 uma loja virtual de conte\u00fado informativo e promocional que atua como <strong>afiliada da Amazon e do Mercado Livre<\/strong>, divulgando produtos relacionados ao MERCADO LIVRE E Amazon<\/p>\n\n\n\n<h2 class=\"wp-block-heading\">2. Afiliados<\/h2>\n\n\n\n<p>N\u00e3o realizamos vendas diretas. Ao clicar em um link de produto, o usu\u00e1rio ser\u00e1 redirecionado para sites de terceiros (Amazon ou Mercado Livre), onde a compra ser\u00e1 finalizada.<\/p>\n\n\n\n<h2 class=\"wp-block-heading\">3. Responsabilidades do usu\u00e1rio<\/h2>\n\n\n\n<p>O usu\u00e1rio compromete-se a utilizar o site de forma l\u00edcita, sem violar leis, direitos de terceiros ou estes termos.<\/p>\n\n\n\n<h2 class=\"wp-block-heading\">4. Altera\u00e7\u00f5es<\/h2>\n\n\n\n<p>Os termos podem ser atualizados a qualquer momento, sem aviso pr\u00e9vio. Recomenda-se a revis\u00e3o peri\u00f3dica.<\/p>\n","protected":false},"excerpt":{"rendered":"<p>Ao acessar o site **https:\/\/bendafillistore.com voc\u00ea concorda&nbsp;com os termos e condi\u00e7\u00f5es descritos abaixo. 1. Objetivo do site A BendafilliStore.com \u00e9 uma loja virtual de conte\u00fado informativo e promocional que atua como afiliada da Amazon e do Mercado Livre, divulgando produtos relacionados ao MERCADO LIVRE E Amazon 2. Afiliados N\u00e3o realizamos vendas diretas. Ao clicar em [&hellip;]<\/p>\n","protected":false},"author":1,"featured_media":0,"parent":0,"menu_order":0,"comment_status":"closed","ping_status":"closed","template":"","meta":{"footnotes":""},"class_list":["post-2899","page","type-page","status-publish","hentry"],"_hostinger_reach_plugin_has_subscription_block":false,"_hostinger_reach_plugin_is_elementor":false,"_links":{"self":[{"href":"https:\/\/bendafillistore.com\/index.php?rest_route=\/wp\/v2\/pages\/2899","targetHints":{"allow":["GET"]}}],"collection":[{"href":"https:\/\/bendafillistore.com\/index.php?rest_route=\/wp\/v2\/pages"}],"about":[{"href":"https:\/\/bendafillistore.com\/index.php?rest_route=\/wp\/v2\/types\/page"}],"author":[{"embeddable":true,"href":"https:\/\/bendafillistore.com\/index.php?rest_route=\/wp\/v2\/users\/1"}],"replies":[{"embeddable":true,"href":"https:\/\/bendafillistore.com\/index.php?rest_route=%2Fwp%2Fv2%2Fcomments&post=2899"}],"version-history":[{"count":3,"href":"https:\/\/bendafillistore.com\/index.php?rest_route=\/wp\/v2\/pages\/2899\/revisions"}],"predecessor-version":[{"id":2916,"href":"https:\/\/bendafillistore.com\/index.php?rest_route=\/wp\/v2\/pages\/2899\/revisions\/2916"}],"wp:attachment":[{"href":"https:\/\/bendafillistore.com\/index.php?rest_route=%2Fwp%2Fv2%2Fmedia&parent=2899"}],"curies":[{"name":"wp","href":"https:\/\/api.w.org\/{rel}","templated":true}]}}